w = -k + 11. What is the highest common divisor of k and x?
10
Suppose -3*v = 4*v - 56. Suppose -3*s - 17 = -v*s + u, -2*s + 4*u = -14. Calculate the highest common divisor of 33 and s.
3
Suppose 3*i + 39 = 3*a, 5*a - 4*i = 109 - 42. Let q be (-2)/(-3*2/15). What is the greatest common divisor of a and q?
5
Suppose 6*j = 3 + 21. Suppose -5*v = 5*n - 455, 0 = 5*v + n - j*n - 495. What is the highest common divisor of v and 64?
32
Suppose -5*a + 5*u = 155, 7*u - 2*u + 79 = -4*a. Let d = a + 38. What is the greatest common factor of 12 and d?
12
Suppose 755 = 4*o + o + 5*c, c - 3 = 0. What is the highest common factor of o and 111?
37
Let m(b) = -19*b - 2. Let s be m(-6). Let j(i) = -5*i**3 + 3*i - 19. Let c be j(3). Let n = c - -161. Calculate the greatest common divisor of n and s.
16
Let c = 30 - 27. Suppose 3*p = -4*z + 682, -5*z + 163 = -4*z - c*p. Calculate the highest common divisor of 13 and z.
13
Let y = 5 - -2. Let m be (5 + -2 + (5 - 3))*1. Suppose -3*r = u, -r + 9 = -m*u - y. What is the greatest common factor of r and 2?
1
Suppose 0 = 12*s + 271 - 1183. What is the greatest common divisor of 304 and s?
76
Let g(c) = -c**3 + 52*c**2 + 57*c - 208. Let f be g(53). What is the highest common divisor of f and 28?
4
Let b be (-3)/(-1)*2/2. Let h(v) = 30*v - 3. Let q(u) = -59*u + 5. Let t(r) = 5*h(r) + 2*q(r). Let x be t(1). What is the greatest common divisor of x and b?
3
Let j = -1833 - -1872. What is the greatest common divisor of j and 26?
13
Let i(s) = s**2 - 3*s - 1. Let c be i(4). Let d(l) = -c*l - l + 9*l**2 - l**3 - 11 + 3*l + 0*l. Let h be d(8). What is the highest common factor of h and 5?
5
Let v(s) = -2*s**2 + 20*s - 27. Let x be v(7). What is the greatest common divisor of 55 and x?
5
Suppose -k + 22 = 5*v - 32, -182 = -3*k + 5*v. Calculate the greatest common divisor of k and 354.
59
Let v be 3*(5 + -7)/2 + 145. Calculate the highest common factor of 2 and v.
2
Suppose -2*p + 5*p + 27 = -4*r, 0 = p + 5. Let n(d) = 2*d**2 + d. Let l be n(r). What is the greatest common divisor of 135 and l?
15
Suppose 13*v = 34*v - 315. Suppose -18 = -b + d, 2*b - 4*d = 4*b - 66. Let n = b + v. Calculate the highest common factor of n and 19.
19
Let r be ((-2)/2)/(45/(-31365)). Calculate the greatest common factor of r and 51.
17
Suppose -t = 5, 2*t + 46 + 40 = 2*m. Let x be (-6)/15 + (-6848)/(-20). Calculate the greatest common factor of m and x.
38
Suppose 0 = 7*j - 20 - 15. Let h be (-4 + -2)/((-9)/30). What is the greatest common divisor of h and j?
5
Let g = -1305 + 1330. Calculate the highest common divisor of g and 40.
5
Let f = -10 + 10. Let n(g) = -g**3 + g + 18. Let o be n(f). Suppose 2*y - o = -v, -2*v - 5*y = 18 - 52. What is the greatest common factor of 22 and v?
22
Let w = 312 - 301. Suppose 4*m - 297 = m - 2*j, 5*m - 5*j = 495. Calculate the greatest common factor of m and w.
11
Suppose -5*f + 1 + 9 = 0. Suppose f*o + 3*o - 46 = -a, 0 = 4*o - 5*a - 60. What is the highest common divisor of 25 and o?
5
Let y be (-22151)/(-102) - (-1)/(-6). What is the highest common divisor of y and 31?
31
Let l(z) = 2*z**2 - 8*z**2 - 9*z + 5*z**2 - 2. Let q be l(-4). Suppose 2*f - 56 = 2*a - q, 2*a = 4*f - 66. Calculate the greatest common divisor of f and 42.
14
Suppose 4*i + 12 = -s + 1243, -1543 = -5*i + 3*s. What is the greatest common divisor of 77 and i?
77
Suppose -4*s - 318 = -7*s. Suppose d = 124 - s. Calculate the greatest common divisor of 9 and d.
9
Suppose 354 = 10*l - 426. Calculate the greatest common divisor of 130 and l.
26
Suppose 3*b - 68 - 94 = 0. What is the greatest common divisor of 162 and b?
54
Let y be 0 - 3 - -2 - -22. Let p be (-1992)/(-90) - (-2)/(-15). Let g = p + -15. What is the highest common factor of y and g?
7
Suppose 0 = 2*v - 4*z - 18, 3*z + 19 = 3*v - z. Let x(p) = 118*p - 1. Let n be x(v). Calculate the highest common factor of 9 and n.
9
Let u = 27 - 22. Suppose u*j + 121 = 4*z, -4*z - 4*j + 115 = -3*j. Let f = 147 - 89. Calculate the greatest common factor of f and z.
29
Suppose -66 = 4*p - 306. Let n be (-128)/40*(-2)/(12/45). What is the highest common factor of n and p?
12
Suppose -5*x + 5*p + 280 = 0, 0 = -5*x - 5*p + 165 + 125. What is the greatest common divisor of x and 741?
57
Let p(y) be the first derivative of -y**3/3 + 6*y**2 + 23*y + 8. Let r be p(13). What is the highest common factor of r and 15?
5
Suppose -33*s + 30*s = -576. Suppose s = z + 3*z. Calculate the greatest common divisor of 6 and z.
6
Suppose 11*i - 1728 = -i. Suppose -6*y + i = -450. Calculate the highest common factor of y and 11.
11
Let n = 17 - 4. Let i be 0 + n/(39/(-1260)). Let d be (4/10)/((-14)/i). Calculate the highest common factor of d and 12.
12
Let o = 9 + -10. Let h(j) = 108*j**2 - j - 1. Let b be h(o). Suppose -5*a = -4*x - 44, -3*x + 4*x = a - 8. Calculate the highest common factor of a and b.
12
Let z(d) = d**3 - 69*d**2 + 77*d + 68. Let w be z(68). What is the highest common factor of 17 and w?
17
Suppose -4*k + b - 25 = -78, 2*b = 2*k - 22. Calculate the highest common divisor of 1806 and k.
14
Suppose 37974 = 115*l - 81626. Calculate the highest common factor of l and 240.
80
Let n = -83 + 60. Let m = -15 - n. What is the highest common divisor of m and 4?
4
Suppose 248 = 5*o - g, -2*o + 106 = -g + 4*g. Calculate the highest common factor of o and 50.
50
Let a = -355 - -365. What is the highest common divisor of 18 and a?
2
Let i be ((-5 + 6)*33)/(4/20). What is the highest common factor of 385 and i?
55
Suppose 0 = -3*k + 3, -4*p + 949 = -5*k - 1438. Calculate the highest common divisor of p and 52.
26
Let d = 107 + -94. Let f = 33 - d. Let w(y) = -52*y + 4. Let t be w(-3). Calculate the greatest common divisor of t and f.
20
Suppose 5*d - 1105 = -8*d. What is the greatest common factor of d and 119?
17
Let o(y) be the first derivative of y**2/2 - 5*y - 24. Let f be o(15). What is the greatest common divisor of f and 90?
10
Let v be -3*(28/(-12) - -2) - -84. Suppose 38 = f + 4*m, 4*f + 3*m = 6 + 133. What is the greatest common divisor of f and v?
17
Suppose 0 = 4*m, -132 + 0 = -2*p - 3*m. Let r = 8 + -14. Let g = 12 + r. Calculate the greatest common divisor of p and g.
6
Let x(j) = j - 7. Let u be x(9). Suppose 0*k + 17 = k - y, -y = u*k - 25. What is the greatest common factor of k and 14?
14
Suppose -13*d + 12*d + 3*g + 17 = 0, 24 = 4*d - g. Suppose 0 = -u + d*a + 40, 0 = -2*u - 2*a - 3*a + 140. What is the highest common divisor of u and 24?
12
Let n(a) = 13*a - 2. Let m = 10 - 12. Let j = m - -4. Let d be n(j). Calculate the highest common factor of d and 3.
3
Suppose -9*g + 371 = 29. Calculate the greatest common divisor of 152 and g.
38
Suppose 0*q = -4*q + 3*i + 138, -q + 5*i = -43. Let j = -103 - -106. What is the highest common factor of j and q?
3
Suppose 4*z - 41 = 15. What is the highest common divisor of 42 and z?
14
Let r be 22/3 + 7 + 22/(-3). Let z = 72 + -23. What is the greatest common divisor of z and r?
7
Let i = 13 - 3. Let o(l) = l**3 - 10*l**2 + 9*l - 3. Let z be o(i). Suppose 61*g + 116 = 63*g. What is the highest common factor of g and z?
29
Let d be 1 + 134 + (-18)/6. Let v = d + -28. Let g be 27/4*v/39. Calculate the highest common divisor of 126 and g.
18
Let z(j) = j**3 - 7*j**2 + 7*j + 6. Let c be z(6). Let n = 40 - c. Calculate the greatest common factor of n and 4.
4
Let i be ((-6)/4)/(21/(-15680)*5). Calculate the highest common divisor of i and 32.
32
Let g = 10 - 6. Suppose -f = -5*c - 5, 3 - g = c. Suppose -y - 2*o + 52 = 0, 2*y - 122 = -f*y + 5*o. Calculate the greatest common factor of 7 and y.
7
Let i be ((-22)/(-4))/(2/44). Let c(w) = -12*w - 9. Let x be c(-3). Suppose 28 = 5*h - x. What is the greatest common factor of i and h?
11
Let m(n) = 19*n - 9. Let p be (1 + 0 - 3) + 10. Let l be m(p). Suppose -3*z + 48 = z - w, -4*z - w + 56 = 0. What is the greatest common divisor of l and z?
13
Let z be (-153686)/(-414) + (-3)/(-54)*-4. Calculate the greatest common factor of z and 106.
53
Let v(x) = 2*x**2 - 5*x - 11. Let o be v(5). Suppose -5*w + w = -5*j + 37, -3*w = -j + o. Let d = 13 - 3. Calculate the highest common factor of j and d.
5
Let k = -308 - -344. Calculate the highest common factor of k and 45.
9
Suppose c - 517 = 2*y, 4*c - 5*y - 1546 = c. What i